 a multiple of 14?
False
Is 9 a factor of 116554?
False
Does 187 divide 9488006?
True
Is 153 a factor of 979506?
True
Is 61146 a multiple of 9?
True
Does 10 divide 6321496?
False
Is 12 a factor of 389736?
True
Is 60 a factor of 74760?
True
Is 117 a factor of 325067?
False
Does 12 divide 103978?
False
Does 28 divide 227108?
True
Is 1338304 a multiple of 279?
False
Does 28 divide 5862051?
False
Is 1188120 a multiple of 24?
True
Is 449190 a multiple of 144?
False
Is 1488860 a multiple of 34?
True
Is 65 a factor of 22350705?
True
Is 1275675 a multiple of 437?
False
Does 488 divide 738832?
True
Is 201789 a multiple of 180?
False
Does 25 divide 4270790?
False
Is 5009735 a multiple of 1042?
False
Does 7 divide 1675507?
False
Is 44 a factor of 2291344?
True
Is 2657661 a multiple of 697?
True
Is 953 a factor of 6097294?
True
Is 1178243 a multiple of 517?
True
Is 55743 a multiple of 16?
False
Does 29 divide 1529924?
True
Is 42 a factor of 1160219?
False
Is 426 a factor of 1142532?
True
Is 2605480 a multiple of 25?
False
Is 1900958 a multiple of 104?
False
Does 121 divide 225647?
False
Is 163496 a multiple of 4?
True
Is 29 a factor of 1916349?
True
Does 201 divide 1178664?
True
Is 141 a factor of 596148?
True
Does 3 divide 2296814?
False
Is 703 a factor of 724793?
True
Is 14670 a multiple of 45?
True
Is 131 a factor of 22896442?
True
Is 19113 a multiple of 35?
False
Does 64 divide 14930849?
False
Is 76 a factor of 527516?
True
Does 215 divide 1019745?
True
Is 1705 a multiple of 2?
False
Does 919 divide 2801112?
True
Is 20313 a multiple of 3?
True
Does 230 divide 100970?
True
Is 4659258 a multiple of 97?
False
Does 571 divide 1397808?
True
Is 349125 a multiple of 95?
True
Is 169435 a multiple of 329?
True
Does 97 divide 274316?
True
Is 1028400 a multiple of 400?
True
Is 312396 a multiple of 32?
False
Is 44609 a multiple of 27?
False
Is 917 a factor of 16764211?
False
Does 626 divide 2184979?
False
Is 29 a factor of 3337206?
False
Does 40 divide 28400?
True
Is 884 a factor of 1039584?
True
Does 6 divide 169460?
False
Is 327984 a multiple of 118?
False
Does 2053 divide 7426896?
False
Does 15 divide 9765?
True
Is 8 a factor of 8053944?
True
Is 10 a factor of 1923240?
True
Does 675 divide 801900?
True
Is 21 a factor of 74592?
True
Is 3382536 a multiple of 6?
True
Does 32 divide 1010848?
True
Is 54 a factor of 735275?
False
Is 11 a factor of 758641?
False
Is 1609045 a multiple of 205?
True
Does 7 divide 220458?
True
Is 41 a factor of 1859023?
False
Is 92072 a multiple of 34?
True
Does 462 divide 5732285?
False
Is 362437 a multiple of 92?
False
Is 23654 even?
True
Is 60 a factor of 168097?
False
Is 40 a factor of 6578036?
False
Does 12 divide 83532?
True
Does 9 divide 9855?
True
Is 2474712 a multiple of 36?
True
Is 666931 a multiple of 19?
False
Is 27704615 a multiple of 21?
False
Does 44 divide 43824?
True
Is 8641528 a multiple of 1023?
False
Is 13464 even?
True
Does 224 divide 2971407?
False
Is 84 a factor of 5104512?
True
Is 1869 a factor of 22932934?
False
Is 5 a factor of 43617?
False
Is 465070 a multiple of 145?
False
Does 55 divide 2777830?
True
Is 29 a factor of 253265?
False
Is 690259 a multiple of 753?
False
Does 20 divide 846580?
True
Does 5 divide 235445?
True
Is 9 a factor of 837531?
True
Is 921462 a multiple of 57?
True
Is 234 a factor of 85176?
True
Is 24888 a multiple of 244?
True
Does 33 divide 128304?
True
Does 47 divide 233778?
True
Is 331 a factor of 242292?
True
Is 21 a factor of 319956?
True
Does 10 divide 478860?
True
Is 85 a factor of 164250?
False
Is 604563 a multiple of 87?
True
Is 7 a factor of 636431?
False
Does 8 divide 2947?
False
Is 532 a factor of 7009145?
False
Does 4 divide 171024?
True
Is 33200 a multiple of 20?
True
Does 48 divide 38639?
False
Is 20 a factor of 125192?
False
Is 213265 a multiple of 5?
True
Does 261 divide 274802?
False
Does 169 divide 74191?
True
Is 251 a factor of 7774201?
False
Is 10 a factor of 110140?
True
Does 78 divide 5486698?
False
Does 373 divide 341994?
False
Is 105 a factor of 11912?
False
Is 16368902 a multiple of 389?
False
Is 3 a factor of 80906?
False
Is 1206157 a multiple of 258?
False
Is 9 a factor of 36474?
False
Does 261 divide 842875?
False
Is 92583 a multiple of 127?
True
Is 2 a factor of 217757?
False
Does 60 divide 142191?
False
Is 98 a factor of 5552957?
False
Is 14663040 a multiple of 42?
True
Does 162 divide 632934?
True
Does 394 divide 264768?
True
Is 1397592 a multiple of 141?
True
Is 374944 a multiple of 16?
True
Is 2196932 a multiple of 137?
True
Is 16102670 a multiple of 94?
True
Is 14 a factor of 221188?
False
Is 2 a factor of 1380?
True
Does 4 divide 1614?
False
Does 779 divide 18334471?
False
Is 243113 a multiple of 106?
False
Is 203 a factor of 276478?
False
Does 21 divide 317642?
False
Is 8536888 a multiple of 20?
False
Is 46 a factor of 21252?
True
Does 328 divide 1782024?
True
Is 338010 a multiple of 38?
True
Does 144 divide 2141419?
False
Is 9 a factor of 1137275?
False
Is 7 a factor of 18016?
False
Is 1139237 a multiple of 304?
False
Is 271 a factor of 150134?
True
Does 12 divide 35201?
False
Is 11 a factor of 791694?
False
Does 99 divide 3256902?
True
Does 202 divide 22257?
False
Is 186 a factor of 164610?
True
Is 173 a factor of 15596943?
False
Does 190 divide 3089590?
True
Is 7236561 a multiple of 108?
False
Does 162 divide 2952?
False
Is 90447 a multiple of 73?
True
Is 33 a factor of 20988?
True
Is 21 a factor of 11289984?
False
Does 360 divide 800363?
False
Is 9634914 a multiple of 16?
False
Is 333999 a multiple of 9?
True
Is 589083 a multiple of 508?
False
Is 782131 a multiple of 21?
False
Is 5 a factor of 1476509?
False
Is 27 a factor of 812646?
True
Does 68 divide 293420?
True
Is 422 a factor of 176818?
True
Is 8 a factor of 99050?
False
Is 143 a factor of 144716?
True
Is 6364729 a multiple of 159?
False
Is 1240800 a multiple of 51?
False
Is 109187 a multiple of 14?
False
Does 35 divide 962545?
False
Is 6640455 a multiple of 206?
False
Is 8 a factor of 160760?
True
Is 1180488 a multiple of 303?
True
Is 48 a factor of 71922?
False
Is 31 a factor of 440041?
False
Does 8 divide 1184699?
False
Is 15 a factor of 256080?
True
Is 14 a factor of 16125970?
True
Does 50 divide 523100?
True
Does 5 divide 14065?
True
Is 1924750 a multiple of 3?
False
Does 7 divide 420885?
False
Is 121866 a multiple of 6?
True
Does 11 divide 3521892?
True
Is 7440999 a multiple of 28?
False
Is 166634 a multiple of 13?
True
Is 4414186 a multiple of 14?
True
Does 68 divide 9112?
True
Does 15 divide 90150?
True
Is 118852 a multiple of 56?
False
Does 7 divide 1759385?
False
Does 15 divide 16151640?
True
Is 52 a factor of 31613?
False
Is 155652 a multiple of 17?
True
Is 2 a factor of 51426?
True
Is 99 a factor of 282051?
True
Is 12 a factor of 7549144?
False
Does 391 divide 298333?
True
Is 654986 a multiple of 6?
False
Is 37 a factor of 697165?
False
Is 235 a factor of 626950?
False
Is 84 a factor of 77784?
True
Does 73 divide 192136?
True
Does 358 divide 370852?
False
Is 16 a factor of 424800?
True
Does 2 divide 207657?
False
Does 44 divide 404022?
False
Is 546 a factor of 6138576?
False
Does 203 divide 834214?
False
Is 915864 a multiple of 36?
False
Is 470 a factor of 1473536?
False
Is 15 a factor of 2365351?
False
Is 11 a factor of 192148?
True
Is 16 a factor of 3107808?
True
Does 3 divide 96670?
False
Is 221364 a multiple of 468?
True
Is 6702 even?
True
Is 6 a factor of 52314?
True
Is 58905 a multiple of 1155?
True
Is 16 a factor of 28987392?
True
Is 7069440 a multiple of 1280?
True
Does 40 divide 179640?
True
Does 10 divide 6152237?
False
Does 254 divide 633035?
False
Is 495515 a multiple of 110?
False
Is 307 a factor of 10086178?
True
Is 59 a factor of 564724?
False
Is 8 a factor of 1069741?
False
Is 15314 a multiple of 343?
False
Does 21 divide 1115192?
False
Is 10 a factor of 2000443?
False
Does 10 divide 110521?
False
Is 71 a factor of 2048563?
True
Is 124 a factor of 65596?
True
Does 354 divide 14056632?
True
Is 32 a factor of 2842336?
True
Is 254214 a multiple of 522?
True
Is 3 a factor of 131770?
False
Is 332072 a multiple of 47?
False
Does 147 divide 3764082?
True
Is 75 a factor of 110850?
True
Is 496 a factor of 731120?
False
Is 37 a factor of 110926?
True
Is 8 a factor of 14434